 digit of s?
7
Let c = -32 + 131. Let i be 242/(-16) - (-5)/40. Let g = c + i. What is the tens digit of g?
8
What is the hundreds digit of 10/25 - (3 - 413861/35 - 4)?
8
Let k be 8/14 + (-30)/(-70). Let c(z) = 3110*z**3 - z**2 - 2*z + 2. Let h be c(k). Suppose -h + 1149 = -14*w. What is the tens digit of w?
4
Let n = -6674 + 13131. What is the tens digit of n?
5
What is the units digit of -3 + 116/44 + (-48177600)/(-660)?
6
Let s be (-8 + 7)/(2/(-83638)). What is the units digit of s/217 - (1 + (-18)/14)?
3
Suppose -7*n = n + 480. Let j = 52 + n. What is the units digit of j + (8 - 4) + 16?
2
Let q(v) = v**3 - 6*v**2 - 10*v - 16. Let h be 83/(-7) + (-1)/7. Let i be (-99)/h + (-6)/24. What is the tens digit of q(i)?
3
Let n be (-1 - (0 - 3))/(0 + -2). What is the tens digit of (4 + 2 + -10)/(n/85)?
4
Suppose 776497 = -66*d + 2080063. What is the units digit of d?
1
Suppose -20 = -5*v, -9*y = -8*y - 5*v + 16. Suppose -y*z + 113 = -4*u - 2391, -2*u + 2486 = 4*z. What is the tens digit of z?
2
Suppose 0 = 8*i - 104735 - 10145. What is the units digit of i?
0
Let l = -20822 - -30493. What is the tens digit of l?
7
Suppose 130*n - 252189 = -5*p + 134*n, 2*p - 3*n = 100877. What is the thousands digit of p?
0
What is the thousands digit of (-15)/(105/28) - -5175?
5
Suppose 13*j - 6*j + 28 = 0. Let x(n) = -4*n**2 + 16*n + 5. Let f(w) = -5*w**2 + 17*w + 6. Let o(r) = j*x(r) + 3*f(r). What is the tens digit of o(17)?
6
Suppose -7*p - 1638 = -p. Let x = 592 + p. What is the hundreds digit of x?
3
Let i(q) = -106*q + 1011. What is the thousands digit of i(-54)?
6
Let f = -7067 - -12175. What is the thousands digit of f?
5
Let b be (10/6)/((-9)/27). Let u be 3 - (1 + -5 + b). What is the units digit of 2535/12 + (15/u)/(-5)?
1
Suppose 2*k = 5*p - 4*p + 158, 5*k = -p + 388. Let j = -34 + k. What is the units digit of j?
4
What is the thousands digit of 37682 - -6 - (15 - 37)?
7
Let t(w) be the second derivative of w**3/6 - 12*w**2 - 23*w. Let d be t(14). What is the tens digit of 4/10 + (-936)/d?
9
Suppose 17 = -4*s + 89. Suppose -s = -h - 5*h. Suppose -463 = -h*x + 3*m - 145, -4*m + 8 = 0. What is the tens digit of x?
0
Let x = -28089 - -41672. What is the tens digit of x?
8
Let p be ((-1)/4 - (-36)/(-16))*-600. Suppose 0 = 4*v + 2*v - p. What is the tens digit of v?
5
What is the tens digit of (58808/(-6))/2*(-5 + (-140)/(-40))?
5
Suppose y - 4*w = 12590, -4*y + 41*w - 38*w = -50360. What is the hundreds digit of y?
5
Let l(w) = -477*w + 24. Let h be l(-6). Suppose 234*t = 228*t + h. What is the tens digit of t?
8
Suppose -2*p - 2*v + 36266 = 0, 545*p = 543*p + v + 36281. What is the hundreds digit of p?
1
What is the hundreds digit of 12/(-21) - 4921120/(-112)?
9
Suppose 0*c = -6*c + 42. Suppose -5*s + 17 = c. Suppose -s*w = 2*a + 2*w - 66, 3*a + 4*w = 95. What is the units digit of a?
9
Suppose 72 = 5*t + 52. Suppose t*h + h = -h. What is the tens digit of h + 4 + 0 + 33?
3
Let v = 10831 + 8784. What is the hundreds digit of v?
6
Let i = -406 - -214. Let o = i - -592. What is the hundreds digit of o?
4
Let z(h) = h**2 - 26*h + 123. Let q be z(12). Let o = q + 789. What is the tens digit of o?
4
Let d = -326 + 330. What is the hundreds digit of 410 - 4 - -5 - d?
4
Let n(t) be the third derivative of t**4/3 + 26*t**3/3 - 3*t**2. Let j be n(-16). Let p = 150 + j. What is the units digit of p?
4
Let x = -4336 + 55125. What is the ten thousands digit of x?
5
Let s be (-25)/(-2) + (-2)/(-32)*8. Let u(x) = x**2 - x - 44. What is the units digit of u(s)?
2
Let r be 10445/25 - 1/(-5). Let w = r - 176. What is the hundreds digit of w?
2
Suppose 0 = -p - 5*a + 4772, 3*a + 19157 = -13*p + 17*p. What is the hundreds digit of p?
7
Suppose 58*c - 51*c - 3255 = 0. Suppose -472*x + c*x + 9366 = 0. What is the hundreds digit of x?
3
Let y(l) = 30*l**2 + 109*l - 1966. What is the ten thousands digit of y(40)?
5
Suppose -136*v = 98*v - 4019418. What is the hundreds digit of v?
1
Let h = -30153 + 59960. What is the units digit of h?
7
Suppose -79899 = -2*z + 5*g, 162*z - 164*z + g + 79879 = 0. What is the hundreds digit of z?
9
Let p be (0 - 2) + 684/(-6). Let u = 244 + p. What is the hundreds digit of u?
1
Suppose 26*a + 15*a - 545459 = -162519. What is the tens digit of a?
4
What is the tens digit of 6 + -11*(-98764)/44?
9
Suppose 4*k + 44 = 4*o - 4, 0 = -3*k. Let p be 2/12 + (-2)/o. Suppose p = 2*i + 5 - 131. What is the units digit of i?
3
Suppose -774 = -4*f + 278. Let v(m) = -68*m - 2. Let k be v(2). Let q = f + k. What is the hundreds digit of q?
1
Suppose -y - 439 = -d, -y + 2*d - 615 = -180. Let i = y - -715. What is the tens digit of i?
7
Suppose -t - 6*f + 67 = -2*f, 2*t = 4*f + 98. Let z = -65 + t. Let q(j) = -2*j**2 - 26*j - 19. What is the units digit of q(z)?
1
Suppose -9*c + 10*c - 3 = 0. Suppose 8*b = -f + 7*b + 1170, 0 = c*f + 5*b - 3518. What is the hundreds digit of f?
1
Suppose 51827 + 13777 = 4*p + 2*w, -3*p = w - 49203. What is the units digit of p?
1
Suppose -87557 = -2*s + 3*j, 3*s - 2*j - 181173 = -49845. What is the units digit of s?
4
Let f be 2/(3*(-5)/(-60)). Let y be (76/(-16))/((-2)/f). Suppose -y = -3*d + 2*d. What is the tens digit of d?
1
Let s(g) = 985*g - 485. What is the tens digit of s(5)?
4
Suppose -5*r - h + 7976 = -5*h, -3*r = 5*h - 4793. Suppose 6*o = 780 + r. What is the units digit of o?
6
Let v(h) = -1329*h + 5178. What is the hundreds digit of v(-17)?
7
Let n = 23724 - 14780. What is the units digit of n?
4
Suppose -216*n + 27407 = -214*n + 7*w, -68612 = -5*n - 4*w. What is the units digit of n?
8
Suppose -250*i = -244*i - 696. Suppose 0 = -107*f + i*f - 15318. What is the hundreds digit of f?
7
Let d(b) = 124*b**2 - 3*b - 66. What is the thousands digit of d(-8)?
7
Suppose 5*b + 12 = 4*x, 2*x - 6 = -0*x + 2*b. Suppose 175 = x*o - 413. Let j = o + -139. What is the units digit of j?
7
What is the hundreds digit of (-1)/5 - (26 - 387384/120)?
2
What is the tens digit of (-2 + -4520)*4716/(-917)?
5
Let y = 112 - 110. Let n(v) = 39*v + 7. Let o be n(y). Let u = 262 - o. What is the hundreds digit of u?
1
Let v(r) = -r**3 - 3*r**2 - 4*r - 12. Let j be v(-4). Let o = j + -10. Suppose 3*i + 273 = o*i. What is the tens digit of i?
3
Suppose 2*r - 9 = 3*r + 2*g, r + 5 = 2*g. Let a = 9 + r. Suppose -5*h = a*w - 305, -4*h = -0*w - w - 231. What is the units digit of h?
9
Suppose 27*a + 9954 = 48*a. What is the hundreds digit of a?
4
Let m(k) = 4*k - 20. Let b be m(4). Let c be 267 - ((b - -6) + -4). Suppose 2*p + 3*t - 321 = 0, 5*p - t = c + 508. What is the tens digit of p?
5
Let p(g) = 6*g**2 + 26. Let f be p(6). Let z = f + -238. What is the units digit of z?
4
Suppose 11*w = 2*w + 54. Let h be w + (0 + 0 - 3). Suppose 2*q - 474 = -h*q + 2*c, 4*c + 276 = 3*q. What is the tens digit of q?
9
Let n = 6490 - -1483. What is the thousands digit of n?
7
Let x(h) = h**3 - h**2 - 18*h + 40. Let r be x(7). Let p = r + 763. What is the tens digit of p?
7
Suppose 5*z - 27 = 33*s - 30*s, 2*s = 2*z - 14. Let m(x) = x**3 - 10*x + 0*x - 4*x**3 - 4*x**2. What is the units digit of m(s)?
8
Let t be (-36)/((-5)/(-2 + 7)). Let x = -48 + t. What is the hundreds digit of 99 + x/(8/(-2))?
1
Suppose p + 4*f = 8865, 16*p + f - 26573 = 13*p. What is the thousands digit of p?
8
Let c = -9686 - -20628. What is the ten thousands digit of c?
1
Let t be (-2 - (-6)/4) + (-2022)/4. Let y = t + 910. What is the hundreds digit of y?
4
Let r(d) = 259*d**2 - 28*d - 267. What is the tens digit of r(-7)?
2
Let y(o) = -o**3 + 23*o**2 - 5*o + 13. Let q be y(6). Let a = q - 395. What is the tens digit of a?
0
Suppose -4*k - 2*c + 4516 = 3*c, -2*c = -3*k + 3410. Suppose -4*z + k = 17*z. What is the units digit of z?
4
Let m(j) be the first derivative of -2*j**3/3 + 13*j**2 + 3*j + 19. Let z be m(13). Suppose -4*a - 5*h = -745, -4*h + z = 15. What is the hundreds digit of a?
1
Let d = -1056 + 1957. What is the tens digit of (44/(-16))/11 + d/4?
2
Let b(x) = 1. Let f(h) = 29*h**3 - h**2 - h + 4. Let m(s) = -2*b(s) + f(s). What is the tens digit of m(1)?
2
What is the thousands digit of (-4)/(-26) + (-63479106)/(-1339)?
7
Suppose -2703 = -3*q + h, -2*q + 5*h = -5*q + 2721. Let s = 1349 - q. What is the units digit of s?
7
Let u = 174 + -169. Suppose 4*k - 1298 = -4*x + u*k,